 34?
34
Let d be (1/3)/(20/15 + -1). Suppose 5 = f + d. Calculate the highest common divisor of f and 20.
4
Suppose -30 = -p + 3*f, 0 = 7*f - 2*f - 25. Suppose -16 = -4*j - 5*m + 19, 0 = -4*m + 12. Calculate the greatest common divisor of p and j.
5
Suppose -2*v = -264 - 58. Let n = 39 + v. Calculate the greatest common factor of 25 and n.
25
Let k = 1380 - 1363. What is the highest common divisor of k and 629?
17
Let x(l) = l**3 + 22*l**2 + 23*l + 48. Let d be x(-21). Let g be (-1)/((9/(-12))/3). Let p be 5*-12*g/(-40). Calculate the highest common divisor of d and p.
6
Suppose 3*k - 3*h - 1395 = 18, 1866 = 4*k + 2*h. What is the highest common divisor of 180 and k?
36
Let v(o) = -11*o + 1010. Let h be v(73). Calculate the highest common factor of h and 46.
23
Suppose -4*t - k = -69 - 210, 0 = 3*t - 5*k - 215. Let g = 49 + -34. Suppose 0 = -4*q + g + 25. What is the highest common factor of q and t?
10
Suppose 0*j - 89 = -5*j - 4*d, j + 3*d = 9. Let x = 34 + -20. Suppose -b = x - 98. Calculate the highest common divisor of b and j.
21
Let v = 1419 - 614. What is the greatest common divisor of v and 460?
115
Suppose 189 = -4*l - 51. Let y be (-3)/5 + (-3636)/l. Calculate the highest common divisor of y and 24.
12
Let s(x) = -11*x**2 - 4*x - 6. Let t be s(-2). Let u = t + 60. Calculate the greatest common divisor of 36 and u.
18
Let t(w) = 2*w**2 + 3*w + 1. Suppose 6 = -a - a. Let p be t(a). Suppose -6*y + 131 = -109. What is the greatest common divisor of p and y?
10
Let z be (160/(-12))/(16/(-600)*5). What is the highest common factor of 260 and z?
20
Suppose 0*n = -4*n - 24. Let v be -4 - n - (-4)/(-2). Let p = 3 - v. Calculate the highest common divisor of 9 and p.
3
Suppose 0 = -2*z - g + 4, -z - 4*g - 7 = g. Suppose 4*o - 15 = 3*w, 2*o - z = -4*w - 1. Suppose -3*l - 54 = -5*l. What is the highest common divisor of l and o?
3
Let g(c) = -c - 7. Let x = 38 - 50. Let b be g(x). Calculate the highest common divisor of b and 20.
5
Suppose 4*o - 25 - 43 = 0. Let f = 25 + -21. Suppose 5*l - f*d = 81, -3 = 2*d - 5. Calculate the highest common factor of o and l.
17
Let d be -13 + 1 + 109 + 50. What is the highest common divisor of 392 and d?
49
Let i = -947 - -1008. Calculate the highest common factor of 1769 and i.
61
Suppose b = -m + 16, 5*m - 10*b = -9*b + 56. What is the highest common factor of m and 92?
4
Suppose -5*b + 38*b = 495. Calculate the highest common divisor of b and 140.
5
Let u(o) = -10*o - 23. Let j be u(-6). Let b = j - -31. Calculate the highest common factor of 34 and b.
34
Let h = -271 - -307. What is the highest common divisor of 4 and h?
4
Let k = -11 - -22. Let a = 12 - k. Let m be (-24)/14*(a - 8). What is the highest common divisor of m and 24?
12
Let j be (-28 + 27)/(1*-1 - -2). Let b be (-2 + j)*1*-5. What is the greatest common factor of 30 and b?
15
Suppose 3*t + d = -0*d + 263, -3*t - 4*d = -260. Let m(l) = l + 14. Let s be m(-6). What is the highest common divisor of s and t?
8
Let h = 46 + -43. Suppose 2*o - 1 = 3*d - h, o = d + 1. Suppose 3*p + 214 = 7*p - 3*g, 2*g - 224 = -4*p. What is the greatest common divisor of o and p?
5
Let b = -1138 + 1938. Suppose 2*w + v = -20, 0 = 4*w - v - 17 + 69. Let d be b/44 - w/(-66). What is the highest common factor of 12 and d?
6
Let a be (-90)/(-1)*(-10)/25. Let q be (-16)/(2 + 75/a). Calculate the greatest common divisor of q and 24.
24
Let j be 336/20*(-110)/(-66). Calculate the highest common divisor of j and 1540.
28
Let r = -87 + 91. Suppose 3*q - 9 = 0, 0 = r*i - 4*q + 2*q - 66. What is the greatest common factor of i and 45?
9
Let l(t) = 2*t**2 - 10*t + 2. Let g be l(7). Let h = -363 - -375. Calculate the greatest common factor of h and g.
6
Let t be 10/4*(798/14 + -7). Calculate the highest common divisor of t and 100.
25
Let f be 30/(-50) + 1386/10. Let a = f + -28. What is the greatest common factor of 10 and a?
10
Suppose -20*v + 22*v = 12. Suppose -v*o = -o - 425. What is the highest common divisor of o and 34?
17
Let l(i) = 86*i - 260. Let w be l(13). Calculate the greatest common divisor of w and 33.
33
Let n be (-5 + 4 - 3) + 6. Suppose n*t = -5*o + 45, 4*t = 5*t + o - 15. Let c be 0/(-2) + 18 - -2. Calculate the highest common factor of t and c.
10
Let y(z) = z**2 - 9*z + 42. Let p be y(-21). What is the greatest common factor of 84 and p?
84
Let f be (-10)/(-2) - (8 - 20 - -2). Suppose -3*n = -2*s + 5 - 23, 0 = -2*n + 3*s + 12. Calculate the highest common divisor of f and n.
3
Let c = -596 - -598. What is the highest common divisor of c and 54?
2
Suppose 4*k - 4*h = 60, -4*h = 4*k - 5 - 39. Let a(m) = 5*m + 4*m - 4*m - 14 - 3*m. Let p be a(k). Calculate the greatest common divisor of p and 3.
3
Suppose -41 = -2*h + 5*f, h + 0*f - 5*f - 33 = 0. Let m be (34/h + -3)*36. What is the highest common divisor of 30 and m?
15
Suppose 2*f - 74 = -4*k, f + 4 = 1. What is the highest common divisor of 480 and k?
20
Let u be 8/28 - 19/(-7). Suppose -4*z + u*z = -6. Let x be (12/(-14))/((-5)/35). What is the greatest common factor of x and z?
6
Let q(p) = -11*p + p**2 - 4 + 3 - 12*p + p. Let h be q(15). Let f = -22 - h. What is the greatest common divisor of 12 and f?
12
Suppose n - 4 = 0, -n - 35 = 2*g + 3. Let i = g + 42. Calculate the highest common divisor of i and 28.
7
Suppose 0 = 2*i + 2*n - 10, -2*i = -i - 5*n - 29. What is the highest common factor of 12 and i?
3
Let b = -2047 - -2193. What is the greatest common factor of 219 and b?
73
Let g(s) = -s**3 + 11*s**2 - s + 15. Let m = 4 + 7. Let h be g(m). Calculate the greatest common divisor of h and 32.
4
Suppose 5*g = -2*g + 35. Suppose -7*k = -g*k - 240. What is the highest common divisor of k and 24?
24
Suppose 7*p - 8*p + 95 = 2*y, -2*p = 2*y - 94. Calculate the highest common factor of y and 528.
48
Let m be (-20)/2*(5 - 6). Let i(l) = l**2 - 10*l + 6. Let f be i(m). Calculate the highest common divisor of f and 18.
6
Suppose 0 = 58*d - 6*d - 1144. What is the greatest common factor of d and 539?
11
Suppose -5*z + 30 = f + 4*f, 3*f = z + 2. Suppose 0 = f*v - 37 - 5. Let s be ((-14)/v)/(2/(-27)). What is the highest common factor of s and 1?
1
Let v be (0 + 31)*(-1 + 3). Let c = 2 + v. Let i be -6 + 30 + -25 - 17/(-1). What is the greatest common divisor of c and i?
16
Let c(u) = -14*u + 4. Suppose 3*a + 0*a + o = -16, 0 = o + 4. Let r be c(a). Let h = 12 + 12. What is the greatest common divisor of r and h?
12
Let p(a) = a**2 - 2*a + 30. Let k = 21 - 21. Let q be p(k). Calculate the highest common factor of 20 and q.
10
Suppose 80 = -12*q + 16*q. What is the highest common divisor of q and 70?
10
Let r be (-8 + 5 - -5)*(0 + 2). Let c(p) = -2*p - 1. Let o be c(-4). Let f = o + r. Calculate the highest common factor of 33 and f.
11
Let a = 39 + -27. Let r = 8 - 10. Let w be r*1 + (-6 - -20). Calculate the greatest common divisor of w and a.
12
Suppose 0 = m - 4*m + 6. Let s be -7*m/4*-2. Suppose 2*t - s = 1. Calculate the greatest common divisor of t and 1.
1
Let f = -76 + 76. Suppose f = -2*c + 7*c - 165. Calculate the highest common divisor of c and 297.
33
Let z be (-1)/(-1*(-5)/15). Let j be (3 - 4)*z - -1*1. What is the greatest common factor of 5 and j?
1
Suppose 29 = 2*h + 9. Suppose h = r - 0*r. Let z = r + 3. Calculate the greatest common factor of 13 and z.
13
Let a = -1 + 5. Let w(t) = t**2 + 5*t + 4. Let h be w(-5). Suppose 2*l + 16 = 6*l - h*j, -3*l + 33 = a*j. What is the highest common factor of l and 77?
7
Suppose -4*x - x - 4*f = -1275, -f = 2*x - 513. Suppose x = 5*c - 11. Let i = 81 - 63. Calculate the highest common factor of c and i.
18
Let d(y) = 22*y - 92. Let s be d(6). Calculate the greatest common divisor of s and 5.
5
Let q be (-137 + 7)*12/15. Let d be q/(-10)*(-40)/(-16). Let y = d - 15. Calculate the greatest common factor of y and 55.
11
Suppose -9*w = -0*w. Let v = 5 - w. Calculate the highest common factor of v and 5.
5
Let w = 812 + 638. Calculate the greatest common divisor of 116 and w.
58
Let t(o) = -4*o**2 + 2*o + 2. Let p be t(-1). Let u be (-6)/24 - 25/p. Let h = u - 4. What is the greatest common factor of 5 and h?
1
Suppose p - 6 = -3*a, 3*p + 4 = -2*a + 1. Suppose -a*l + 2*l - 1 = 0, 2*k = -5*l + 75. Let g = 3450 + -3440. Calculate the greatest common factor o